{"id":2,"date":"2025-09-22T14:38:42","date_gmt":"2025-09-22T12:38:42","guid":{"rendered":"https:\/\/homakoop.com\/?page_id=2"},"modified":"2025-09-30T14:38:58","modified_gmt":"2025-09-30T12:38:58","slug":"page-d-exemple","status":"publish","type":"page","link":"https:\/\/homakoop.com\/","title":{"rendered":"HOMAKOOP L&rsquo;habitation douce"},"content":{"rendered":"\n<figure class=\"wp-block-image size-large\"><img loading=\"lazy\" decoding=\"async\" width=\"1024\" height=\"775\" src=\"https:\/\/homakoop.com\/wp-content\/uploads\/2025\/09\/LOGO-HOMAKOOP-1024x775.png\" alt=\"\" class=\"wp-image-8\" srcset=\"https:\/\/homakoop.com\/wp-content\/uploads\/2025\/09\/LOGO-HOMAKOOP-1024x775.png 1024w, https:\/\/homakoop.com\/wp-content\/uploads\/2025\/09\/LOGO-HOMAKOOP-300x227.png 300w, https:\/\/homakoop.com\/wp-content\/uploads\/2025\/09\/LOGO-HOMAKOOP-768x581.png 768w, https:\/\/homakoop.com\/wp-content\/uploads\/2025\/09\/LOGO-HOMAKOOP-1536x1162.png 1536w, https:\/\/homakoop.com\/wp-content\/uploads\/2025\/09\/LOGO-HOMAKOOP-2048x1550.png 2048w\" sizes=\"auto, (max-width: 1024px) 100vw, 1024px\" \/><\/figure>\n\n\n\n<h1 class=\"wp-block-heading has-text-align-center\">Bienvenue !<\/h1>\n\n\n\n<p class=\"has-text-align-center\">Homakoop c&rsquo;est <\/p>\n\n\n\n<blockquote class=\"wp-block-quote is-layout-flow wp-block-quote-is-layout-flow\">\n<p><strong>DES ACTIONS<\/strong><\/p>\n\n\n\n<p>HOMAKOOP fait se rencontrer des habitants, des lieux, des comp\u00e9tences et des moyens afin de faire \u00e9clore des habitations douces*.<\/p>\n\n\n\n<p>Ces r\u00e9alisations sont le produit de la participation des habitants (habitants-constructeurs) \u00e0 tout le processus de conception et de r\u00e9alisation. HOMAKOOP se donnant pour leviers la mutualisation, l&rsquo;entraide et l&rsquo;intelligence collective, soutien et accompagne ces projets avec une profonde \u00e9thique de gouvernance partag\u00e9e, de bienveillance et de solidarit\u00e9.<\/p>\n\n\n\n<p>HOMAKOOP relie, oriente et coordonne tous les moyens possibles (humains, mat\u00e9riels, techniques, immobiliers, financiers, etc), les comp\u00e9tences et les savoir-faire afin de concevoir, de construire ou de r\u00e9habiliter des habitations, dans une d\u00e9marche collaborative. Ces habitations seront destin\u00e9es \u00e0 rejoindre une collection de biens communs int\u00e9gr\u00e9s dans des fonds de dotation. Ainsi sanctuaris\u00e9es, p\u00e9rennis\u00e9es, extraites de la sp\u00e9culation, ces habitations constitueront les pr\u00e9misses d\u2019une s\u00e9curit\u00e9 sociale de l\u2019habitat.<\/p>\n\n\n\n<p>HOMAKOOP valorise les potentiels des futurs habitants-constructeurs, les professionnels locaux et toute personne souhaitant int\u00e9grer la dynamique apprenante ainsi cr\u00e9\u00e9e. HOMAKOOP capitalise sur les comp\u00e9tences et les savoir-faire des habitants, organise leur formation et les promeut aupr\u00e8s de professionnels.<\/p>\n\n\n\n<p>HOMAKOOP privil\u00e9gie au maximum les mat\u00e9riaux \u00e9cologiques, le r\u00e9emploi, les provenances locales, et le \u00ab&nbsp;low-tech&nbsp;\u00bb, afin d\u2019obtenir des habitations de qualit\u00e9 \u00e0 co\u00fbt minimis\u00e9 pour les habitants et les \u00e9cosyst\u00e8mes.<\/p>\n\n\n\n<p>HOMAKOOP recherche et s\u2019int\u00e9resse \u00e0 toute opportunit\u00e9 d\u2019acqu\u00e9rir et de valoriser du foncier b\u00e2ti ou non, afin de le valoriser, de l&rsquo;am\u00e9liorer, ou de le r\u00e9habiliter pour en faire b\u00e9n\u00e9ficier de futurs habitants.<\/p>\n\n\n\n<p>Les habitation douces&nbsp;: L&rsquo;habitation est douce lorsqu&rsquo;elle prot\u00e8ge, lorsqu&rsquo;elle apporte le bien-\u00eatre, la joie, lorsqu&rsquo;elle cr\u00e9e des liens, des communs, de la solidarit\u00e9, lorsqu&rsquo;elle permet de prendre soin des ressources, du vivant. Elle est douce lorsqu&rsquo;elle pr\u00e9serve les habitants des contraintes financi\u00e8res, de la sp\u00e9culation, de l&rsquo;accaparement. Elle est douce lorsqu&rsquo;elle n&rsquo;est plus un produit mais un bien commun dont on prend soin, pour soi et pour les autres.<\/p>\n<\/blockquote>\n\n\n\n<p>\u2026c&rsquo;est aussi&nbsp;:<\/p>\n\n\n\n<blockquote class=\"wp-block-quote is-layout-flow wp-block-quote-is-layout-flow\">\n<p><strong>DU SENS<\/strong><\/p>\n\n\n\n<p>HOMAKOOP se donne pour mission&nbsp;:<br>de diffuser une vision alternative \u00e0 la propri\u00e9t\u00e9 priv\u00e9e<br>de faire progresser la pens\u00e9e des \u201ccommuns\u201d<br>de la mettre en pratique concr\u00e8tement dans des projets d\u2019habitats.<\/p>\n\n\n\n<p>HOMAKOOP, \u00e0 travers les habitations r\u00e9alis\u00e9es, s&rsquo;int\u00e9resse \u00e0 maximiser les liens entre les habitants \u00e0 travers la mutualisation des moyens, des ressources et des savoirs en relation avec la construction, l&rsquo;\u00e9nergie, l&rsquo;alimentation, l&rsquo;autonomie, la mobilit\u00e9, la coh\u00e9sion sociale, la r\u00e9silience.<\/p>\n<\/blockquote>\n\n\n\n<p>Contact : contact@homakoop.com<\/p>\n","protected":false},"excerpt":{"rendered":"<p>Bienvenue ! Homakoop c&rsquo;est DES ACTIONS HOMAKOOP fait se rencontrer des habitants, des lieux, des comp\u00e9tences et des moyens afin de faire \u00e9clore des habitations douces*. Ces r\u00e9alisations sont le produit de la participation des habitants (habitants-constructeurs) \u00e0 tout le processus de conception et de r\u00e9alisation. HOMAKOOP se donnant pour leviers la mutualisation, l&rsquo;entraide et [&hellip;]<\/p>\n","protected":false},"author":1,"featured_media":0,"parent":0,"menu_order":0,"comment_status":"closed","ping_status":"open","template":"","meta":{"footnotes":""},"class_list":["post-2","page","type-page","status-publish","hentry"],"_links":{"self":[{"href":"https:\/\/homakoop.com\/index.php?rest_route=\/wp\/v2\/pages\/2","targetHints":{"allow":["GET"]}}],"collection":[{"href":"https:\/\/homakoop.com\/index.php?rest_route=\/wp\/v2\/pages"}],"about":[{"href":"https:\/\/homakoop.com\/index.php?rest_route=\/wp\/v2\/types\/page"}],"author":[{"embeddable":true,"href":"https:\/\/homakoop.com\/index.php?rest_route=\/wp\/v2\/users\/1"}],"replies":[{"embeddable":true,"href":"https:\/\/homakoop.com\/index.php?rest_route=%2Fwp%2Fv2%2Fcomments&post=2"}],"version-history":[{"count":5,"href":"https:\/\/homakoop.com\/index.php?rest_route=\/wp\/v2\/pages\/2\/revisions"}],"predecessor-version":[{"id":13,"href":"https:\/\/homakoop.com\/index.php?rest_route=\/wp\/v2\/pages\/2\/revisions\/13"}],"wp:attachment":[{"href":"https:\/\/homakoop.com\/index.php?rest_route=%2Fwp%2Fv2%2Fmedia&parent=2"}],"curies":[{"name":"wp","href":"https:\/\/api.w.org\/{rel}","templated":true}]}}